ime factors of 72256.
2, 1129
What are the prime factors of 8260?
2, 5, 7, 59
What are the prime factors of 1257?
3, 419
List the prime factors of 20046.
2, 3, 13, 257
What are the prime factors of 583?
11, 53
List the prime factors of 4097.
17, 241
What are the prime factors of 571?
571
What are the prime factors of 1993?
1993
What are the prime factors of 2406?
2, 3, 401
List the prime factors of 132087.
3, 44029
List the prime factors of 1557.
3, 173
What are the prime factors of 61798?
2, 11, 53
List the prime factors of 32148.
2, 3, 19, 47
What are the prime factors of 45361?
45361
List the prime factors of 1775.
5, 71
What are the prime factors of 138713?
23, 37, 163
What are the prime factors of 28643?
28643
List the prime factors of 68163.
3, 22721
List the prime factors of 143.
11, 13
List the prime factors of 75758.
2, 37879
What are the prime factors of 32?
2
What are the prime factors of 860?
2, 5, 43
List the prime factors of 592.
2, 37
List the prime factors of 9142.
2, 7, 653
List the prime factors of 1251.
3, 139
What are the prime factors of 1966?
2, 983
What are the prime factors of 68981?
11, 6271
What are the prime factors of 11837?
7, 19, 89
What are the prime factors of 6366?
2, 3, 1061
What are the prime factors of 7512?
2, 3, 313
What are the prime factors of 134908?
2, 29, 1163
List the prime factors of 73461.
3, 47, 521
List the prime factors of 3536.
2, 13, 17
What are the prime factors of 536?
2, 67
What are the prime factors of 4046?
2, 7, 17
List the prime factors of 80668.
2, 7, 43, 67
What are the prime factors of 38950?
2, 5, 19, 41
List the prime factors of 11533.
19, 607
List the prime factors of 663.
3, 13, 17
What are the prime factors of 75101?
13, 53, 109
What are the prime factors of 2990?
2, 5, 13, 23
List the prime factors of 76.
2, 19
What are the prime factors of 19426?
2, 11, 883
List the prime factors of 3275.
5, 131
List the prime factors of 10451.
7, 1493
What are the prime factors of 12295?
5, 2459
What are the prime factors of 840?
2, 3, 5, 7
List the prime factors of 73095.
3, 5, 11, 443
List the prime factors of 62067.
3, 17, 1217
What are the prime factors of 8846?
2, 4423
List the prime factors of 2260.
2, 5, 113
What are the prime factors of 78978?
2, 3, 13163
What are the prime factors of 76525?
5, 3061
List the prime factors of 1490.
2, 5, 149
List the prime factors of 10325.
5, 7, 59
List the prime factors of 1218.
2, 3, 7, 29
List the prime factors of 4808.
2, 601
What are the prime factors of 7314?
2, 3, 23, 53
List the prime factors of 14961.
3, 4987
List the prime factors of 1837.
11, 167
What are the prime factors of 26016?
2, 3, 271
List the prime factors of 116613.
3, 7, 617
What are the prime factors of 125?
5
What are the prime factors of 657?
3, 73
List the prime factors of 5327.
7, 761
List the prime factors of 27062.
2, 7, 1933
What are the prime factors of 4047?
3, 19, 71
What are the prime factors of 49407?
3, 43, 383
List the prime factors of 754.
2, 13, 29
List the prime factors of 574.
2, 7, 41
List the prime factors of 1613.
1613
What are the prime factors of 7838?
2, 3919
List the prime factors of 609.
3, 7, 29
List the prime factors of 26740.
2, 5, 7, 191
What are the prime factors of 25972?
2, 43, 151
What are the prime factors of 1279?
1279
What are the prime factors of 345?
3, 5, 23
List the prime factors of 4806.
2, 3, 89
List the prime factors of 1744.
2, 109
List the prime factors of 24504.
2, 3, 1021
List the prime factors of 5588.
2, 11, 127
List the prime factors of 951.
3, 317
What are the prime factors of 422?
2, 211
What are the prime factors of 49029?
3, 59, 277
List the prime factors of 11065.
5, 2213
List the prime factors of 126.
2, 3, 7
What are the prime factors of 1025?
5, 41
What are the prime factors of 13522?
2, 6761
List the prime factors of 369.
3, 41
What are the prime factors of 1116?
2, 3, 31
List the prime factors of 903.
3, 7, 43
List the prime factors of 9040.
2, 5, 113
What are the prime factors of 11662?
2, 7, 17
List the prime factors of 950.
2, 5, 19
List the prime factors of 131403.
3, 43801
List the prime factors of 65266.
2, 32633
List the prime factors of 572.
2, 11, 13
What are the prime factors of 22493?
83, 271
List the prime factors of 282.
2, 3, 47
What are the prime factors of 4492?
2, 1123
List the prime factors of 71686.
2, 73, 491
List the prime factors of 1352.
2, 13
What are the prime factors of 853?
853
List the prime factors of 270.
2, 3, 5
List the prime factors of 1085.
5, 7, 31
What are the prime factors of 2839?
17, 167
List the prime factors of 238.
2, 7, 17
List the prime factors of 1657.
1657
What are the prime factors of 2538?
2, 3, 47
List the prime factors of 519.
3, 173
List the prime factors of 6151.
6151
What are the prime factors of 356?
2, 89
List the prime factors of 530.
2, 5, 53
List the prime factors of 14.
2, 7
What are the prime factors of 20352?
2, 3, 53
What are the prime factors of 34815?
3, 5, 11, 211
List the prime factors of 246.
2, 3, 41
List the prime factors of 17758.
2, 13, 683
What are the prime factors of 1246?
2, 7, 89
What are the prime factors of 6757?
29, 233
List the prime factors of 23462.
2, 11731
What are the prime factors of 70832?
2, 19, 233
List the prime factors of 937.
937
What are the prime factors of 35270?
2, 5, 3527
What are the prime factors of 343?
7
What are the prime factors of 4038?
2, 3, 673
What are the prime factors of 42219?
3, 4691
List the prime factors of 588.
2, 3, 7
List the prime factors of 179.
179
List the prime factors of 4945.
5, 23, 43
List the prime factors of 1887.
3, 17, 37
What are the prime factors of 3584?
2, 7
List the prime factors of 8730.
2, 3, 5, 97
List the prime factors of 7201.
19, 379
List the prime factors of 43158.
2, 3, 7193
What are the prime factors of 15710?
2, 5, 1571
What are the prime factors of 7622?
2, 37, 103
What are the prime factors of 859?
859
What are the prime factors of 1902?
2, 3, 317
What are the prime factors of 5795?
5, 19, 61
What are the prime factors of 140451?
3, 46817
What are the prime factors of 9987?
3, 3329
List the prime factors of 605.
5, 11
What are the prime factors of 1121?
19, 59
List the prime factors of 88381.
31, 2851
What are the prime factors of 13543?
29, 467
List the prime factors of 10408.
2, 1301
What are the prime factors of 975?
3, 5, 13
What are the prime factors of 491?
491
List the prime factors of 81279.
3, 11, 821
What are the prime factors of 16061?
16061
What are the prime factors of 422?
2, 211
What are the prime factors of 28460?
2, 5, 1423
What are the prime factors of 772?
2, 193
List the prime factors of 3767.
3767
What are the prime factors of 1918?
2, 7, 137
List the prime factors of 45631.
45631
What are the prime factors of 44530?
2, 5, 61, 73
List the prime factors of 1235.
5, 13, 19
List the prime factors of 79793.
7, 11399
List the prime factors of 139842.
2, 3, 17, 457
What are the prime factors of 595?
5, 7, 17
List the prime factors of 37955.
5, 7591
List the prime factors of 28303.
11, 31, 83
What are the prime factors of 768?
2, 3
List the prime factors of 3513.
3, 1171
What are the prime factors of 7288?
2, 911
What are the prime factors of 4578?
2, 3, 7, 109
What are the prime factors of 256?
2
What are the prime factors of 1683?
3, 11, 17
What are the prime factors of 7862?
2, 3931
List the prime factors of 21445.
5, 4289
What are the prime factors of 23241?
3, 61, 127
List the prime factors of 5406.
2, 3, 17, 53
What are the prime factors of 585?
3, 5, 13
List the prime factors of 1310.
2, 5, 131
List the prime factors of 77846.
2, 38923
List the prime factors of 13786.
2, 61, 113
What are the prime factors of 363?
3, 11
List the prime factors of 317.
317
What are the prime factors of 292?
2, 73
What are the prime factors of 22718?
2, 37, 307
List the prime factors of 203.
7, 29
What are the prime factors of 23921?
19, 1259
What are the prime factors of 3022?
2, 1511
What are the prime factors of 17331?
3, 53, 109
List the prime factors of 17606.
2, 8803
What are the prime factors of 35819?
7, 17, 43
What are the prime factors of 6287?
6287
What are the prime factors of 10578?
2, 3, 41, 43
What are the prime factors of 75891?
3, 41, 617
What are the pri